14. Let l be z(-6). Let r(o) be the third derivative of o**4/24 - o**3/6 - 2*o**2. Determine r(l).
-5
Let r(t) = 2*t**2 - 5*t + 4. Let p(n) be the first derivative of 5*n**2/2 - n - 7. Let y be p(1). Determine r(y).
16
Let r(p) = 5*p - 5*p**2 - 2*p + 6*p**2 - 4 + 5. Let j be r(-3). Let u(b) = 5*b**3 - b. Give u(j).
4
Let u(w) be the second derivative of -w**3/3 + 5*w**2/2 - w. Let y be 6/9 + (-4)/6. Suppose 2*c - 4 - 6 = y. Give u(c).
-5
Let q(t) be the first derivative of -t**2/2 + 3. Let s(n) = -2*n**3 - 3*n**2 - 7*n. Let o(z) = 6*q(z) - s(z). What is o(-2)?
-6
Let z = -37 + 38. Let t(n) = n**2 + 3*n - 3. Let l(p) = -4*p + 4. Let i(w) = 2*l(w) + 3*t(w). Calculate i(z).
3
Let n(g) = -g**3 - 4*g**2 - g - 4. Let q(l) = l**3 + 3*l**2 - 3*l. Let b be q(-4). What is n(b)?
0
Let l = -17 - -9. Let x(k) = k**3 + 9*k**2 + 9*k. Determine x(l).
-8
Suppose 0 = -5*b + 2 + 18. Suppose b*o = 6*o - 10. Let f(r) = -r + 4. Give f(o).
-1
Let t(n) = 3*n + 1. Let p be t(1). Let w(u) be the first derivative of u**3/3 - 3*u**2 + 6*u + 8. Give w(p).
-2
Let q be ((-3)/4)/((-1)/4). Suppose m - 8 = -q*m. Let v(i) = 2*i + 0*i**2 + i**m + 2 + 0. What is v(-3)?
5
Let p = 13 + -17. Let k(o) = o**2 + 2*o - 1. Give k(p).
7
Suppose -4*m = -g + 10, -2*g - 8 = m - 5*g. Let r = m - -4. Let h(s) = r*s**2 - 2*s**2 + s + s**2. Give h(-2).
2
Let u(g) be the second derivative of g**4/2 - g**3/6 - g. Suppose -y - 6 + 7 = 0. Calculate u(y).
5
Let v(c) = c**3 + c**2 - c + 1. Let b(o) = -27*o + 1 + 6*o**2 + 2*o**3 + 1 + 26*o. Let r(z) = b(z) - v(z). Give r(-5).
1
Let a(f) be the second derivative of f**5/20 - 7*f**4/12 + f**3/3 + 4*f**2 - 14*f - 2. Determine a(6).
-16
Let s(o) = -o - 12. Let q be s(-11). Let a(t) = 5*t**3. Calculate a(q).
-5
Let v = -36 - -30. Let x(d) = -d**2 - 7*d - 5. What is x(v)?
1
Let t = 6 + -5. Let a(u) = u**2 - t - 6*u + 8*u**2 - 8*u**2. Let z be (-1)/1 + -2 + 8. Determine a(z).
-6
Let g(q) be the third derivative of q**6/120 - q**5/15 + 5*q**3/6 - q**2. Let c be -1*(0 - (2 - -9)). Let a = 15 - c. What is g(a)?
5
Let i(o) = 4*o + 3. Let p(z) = -z**2 + z + 4. Let t = -9 + 6. Let u be ((-2)/t)/(6/27). Let w be p(u). What is i(w)?
-5
Let l(q) be the first derivative of q**3/3 - 5*q**2/2 - 3*q - 54. What is l(6)?
3
Let q(h) = -h**3 + 1. Let f be (10/(-6) - 0)*3. Let s(t) = -t**2 - 5*t + 4. Let o be s(f). Let j be (0/2)/(o + -2). What is q(j)?
1
Let t(a) = 2*a**3 + 4*a**2 + 3*a. Let l = -7 + 4. Let c = l - -1. Let b be 2/2*(0 + c). Determine t(b).
-6
Let j be (4/(-2) - 1)/(-1). Let b(r) = -5 - 184*r + j + 182*r. What is b(4)?
-10
Let u(o) = -11*o**2 + 1 - 6*o**2 + 6*o**2. Suppose 1 = -2*j + 3. What is u(j)?
-10
Let x(w) = 8*w - 23. Let i(k) = 3*k - 8. Let q(a) = -17*i(a) + 6*x(a). Determine q(-3).
7
Suppose 1 = l + 4. Let b = -1 - l. Let i(c) = -3*c**2 - c**3 + 2*c + c**b + 2*c. Determine i(-3).
-3
Let a(z) = -2 + 5*z**2 - 7*z**2 + 3*z**2 - 5*z. Let p(t) = 3*t - 3. Let y be p(2). Suppose y*h - 8 = -2*l, -h = 4*h + 3*l - 14. Give a(h).
-6
Let j(f) = -f**3 + 2*f**2 - f + 2. Suppose 0*b = -5*b + 20. Suppose 2*s + 0*s - b = 0. What is j(s)?
0
Let f(c) = -2*c**2 + 3*c + 3. Let z(g) = -g**2 + 9*g + 19. Let h(n) = -4*n - 10. Let t(m) = 5*h(m) + 3*z(m). Let s(b) = -5*f(b) + 3*t(b). Give s(-6).
6
Let d be (-1 + -3)*1/(-2). Suppose 0 = -d*u + f + 2*f + 7, -3*u + 6 = -3*f. Let i be (u/(-1) + -1)/3. Let b(r) = r**3 + r**2 - r. What is b(i)?
0
Let f(y) = -y - 1. Let s(l) = 9*l + 2. Let v(u) = 4*f(u) + s(u). Suppose -p = 3*k - 4 - 1, -5*p = -2*k + 9. Calculate v(k).
8
Let l(g) be the second derivative of -g**6/360 - g**5/20 - 7*g**4/24 - g**3/6 + 2*g. Let c(k) be the second derivative of l(k). What is c(-5)?
-2
Suppose -5 = 5*h - 25. Let r(f) = f**2. Let a(g) = -g**2 - 2*g - 3. Let x(z) = a(z) + 2*r(z). Calculate x(h).
5
Let p(n) = 1 + 2*n + 10*n - 14*n. Calculate p(-7).
15
Let z(w) be the second derivative of -w**4/6 + w**3/3 - w**2/2 + 2*w. Let c(f) = 2*f**2 + 10*f - 11. Let y be c(-6). What is z(y)?
-1
Let w(z) = -4*z - 10. Let q(i) = 5*i + 8. Let u(c) = -4*q(c) - 3*w(c). Give u(-2).
14
Let g(m) = -4*m**3 + m - 6*m + 5*m**2 + 5*m**3 - m**2 - 5. Determine g(-5).
-5
Let i(c) = -c + 11. Let f = 123 - 114. Calculate i(f).
2
Let u(j) = -8*j - 4*j**3 - 2*j**2 + 7*j + 3*j**2. Let h(p) = -p - 4. Let r be h(-5). Calculate u(r).
-4
Let y(d) be the third derivative of 0 + 0*d**5 - d**2 + 1/6*d**3 + 1/360*d**6 - 1/24*d**4 + 0*d. Let l(m) be the first derivative of y(m). Give l(2).
3
Let h(j) = j**2 + 11*j - 9. Let y(k) = -k**2 - 10*k + 8. Let r(f) = 5*h(f) + 6*y(f). Suppose -9*u = 40 + 5. Determine r(u).
3
Let m(j) = -2*j**2 + j + 2. Let d be -2 + -1 + 2 + -1. Let l = 8 + d. Suppose l = 3*w + 2*q, 2*q = 3*w + 1 - 7. Give m(w).
-4
Suppose -t + 3*t = -10. Let z(f) = -f**3 - 6*f**2 - f - 3. Determine z(t).
-23
Let v(y) = -y**3 + y**2 + y - 3. Let a = -21 + 21. Give v(a).
-3
Let k(w) = 6*w**2 + 15*w + 26. Let o(c) = c**2 + 3*c + 5. Let r(v) = -2*k(v) + 11*o(v). Determine r(-3).
-15
Let s = -1 - -7. Let w(a) = -a**3 + 7*a**2 - 4*a - 2. Determine w(s).
10
Suppose -9*u + 10*u + 3 = 0. Suppose 0*y + y - 2 = 0. Let q(l) = -y*l + 4 - 1 + 1. Give q(u).
10
Let u(q) = q + 13. Let m be u(-9). Let j(t) be the first derivative of t - 1 - 5/2*t**2 - 1/4*t**m - 5/3*t**3. What is j(-4)?
5
Let g(h) = 13*h**2 + h + 12. Let k(a) = 3*a**2 + 3. Let q(z) = -2*g(z) + 9*k(z). Calculate q(3).
6
Let b = -7 + 11. Let x(p) = 4 - b*p + 6*p**2 + 10*p + 1 + 1 + p**3. Let m(k) = -k**2 + k + 1. Let a be m(-2). Determine x(a).
1
Let u(k) = k - 2. Let c be u(4). Let g be (-66)/(-12) + c/(-4). Let r(h) = h + 1. Let s(t) = -t**2 - 1. Let y(m) = 5*r(m) + s(m). Calculate y(g).
4
Let c(f) be the second derivative of f**5/20 - f**4/6 - f**3/6 - f**2/2 + f. Let u be c(2). Let n(b) = -b - 2. Calculate n(u).
1
Let r(j) = -j + 1. Let x(i) be the second derivative of -i**3/6 + 3*i**2 - 3*i. Let p(w) = 2*r(w) - x(w). Calculate p(-7).
3
Let q(g) = g**2 - g - 2. Suppose c - 5*i = -22, -5*i - 4 = -29. Give q(c).
4
Let s(p) = -p. Let u(l) = l**2 - 6*l + 5. Let q be u(6). Calculate s(q).
-5
Let m(q) = -3 + 8 + 1 - 3*q + q. Give m(6).
-6
Let q(o) be the first derivative of 5/3*o**3 + 5*o + 2 + 5/2*o**2 - 1/4*o**4. What is q(6)?
-1
Let u(i) = 21*i**3 - i**2 + i - 1. Let t be u(1). Suppose 3*r = t - 2. Let a(d) = d. Determine a(r).
6
Let x = 2 - -2. Let m(n) = -5 + 3 - 2*n - 2. Give m(x).
-12
Let g(o) = o. Let r(i) = 9*i. Let p(b) = -b. Let y(c) = 4*p(c) + r(c). Suppose -4*z = -2*z + 2. Let a(k) = z*y(k) + 6*g(k). Determine a(-4).
-4
Let l(s) be the first derivative of -2*s**2 + 1. Let d(q) be the first derivative of -q**3/3 + 5*q**2/2 - 4*q + 4. Let p be d(3). Calculate l(p).
-8
Let v(k) = -k. Let j(f) = -2*f - 2. Let t(q) = j(q) + 4*v(q). Give t(-2).
10
Let a be 33/((4/(-2))/(-2)). Suppose 3*d - 3*i = a, -2*d - 3*i = 4 - 1. Let h(y) = y**3 - 5*y**2 - 8*y + 8. What is h(d)?
-4
Let z(u) be the second derivative of -u**4/3 + 3*u. Suppose 3*l + 4 - 13 = 3*p, l = 4*p + 6. Give z(p).
-4
Let c(w) be the third derivative of -w**6/120 + w**5/60 + w**4/12 + w**3/6 - 12*w**2. What is c(2)?
1
Let r(z) be the second derivative of -z**3/3 - 7*z**2/2 + 5*z. Calculate r(6).
-19
Let t(g) be the first derivative of g**4/4 + 2*g**3/3 - g - 2. Suppose s + 0 = 1. Calculate t(s).
2
Let z(s) = 7*s. Let r(l) = l**2 - 7*l + 8. Let k be r(6). Let d be ((-6)/4)/((-3)/k). Determine z(d).
7
Let u = -2 - -3. Let t(w) be the second derivative of -3*w**4/4 + w**3/3 - w**2/2 + 46*w. Calculate t(u).
-8
Let j = -8 + 5. Let r = 6 + j. Let n(u) = 24*u**3 - 3*u**2 + 9*u + 9. Let p(v) = 11*v**3 - v**2 + 4*v + 4. Let h(k) = -6*n(k) + 13*p(k). Calculate h(r).
10
Let v(n) = -3*n + 9*n + 0 + n**2 - 10. Calculate v(-7).
-3
Let p = -47/2 + 24. Let a(d) be the first derivative of -d + 1/3*d**3 - 3 + p*d**2. Determine a(0).
-1
Let n(j) = -5*j**2 - 2*j - 5. Let a(m) = 14*m**2 + 5*m + 14. Let c(l) = 4*a(l) + 11*n(l). Determine c(3).
4
Let o(w) be the third derivative of -w**4/6 - w**3/6 + 38*w**2. Let m be (-7)/(-3) - (-1)/(-3). Calculate o(m).
-9
Let o(l) be the first derivative of l**3/3 + 4*l**2 - 8*l - 32. Calculate o(-6).
-20
Suppose 6 = 2*u - 0. Let o(g) = u*g**2 + 4 + 2*g + 0*g**2 + 2*g - 4*g**2. Let w(j) = -j**2 + 7*j - 6. Let i be w(5). Calculate o(i).
4
Suppose 0*q + 2*q = 48. 